{"id":478,"date":"2023-03-07T13:28:28","date_gmt":"2023-03-07T12:28:28","guid":{"rendered":"http:\/\/www.new.serkal.fr\/new\/?page_id=478"},"modified":"2024-02-07T09:18:04","modified_gmt":"2024-02-07T08:18:04","slug":"faq","status":"publish","type":"page","link":"https:\/\/www.new.serkal.fr\/new\/faq\/","title":{"rendered":"FAQ"},"content":{"rendered":"<div id=\"pl-478\"  class=\"panel-layout\" ><div id=\"pg-478-0\"  class=\"panel-grid panel-has-style\" ><div class=\"siteorigin-panels-stretch panel-row-style-full-width panel-row-style panel-row-style-for-478-0\" data-stretch-type=\"full-stretched\" ><div id=\"pgc-478-0-0\"  class=\"panel-grid-cell\" ><div id=\"panel-478-0-0-0\" class=\"so-panel widget widget_sow-hero panel-first-child panel-last-child\" data-index=\"0\" ><div\n\t\t\t\n\t\t\tclass=\"so-widget-sow-hero so-widget-sow-hero-default-7ad697aa740d-478 so-widget-fittext-wrapper\"\n\t\t\t data-fit-text-compressor=\"0.85\"\n\t\t>\t\t\t\t<div class=\"sow-slider-base\" style=\"display: none\" tabindex=\"0\">\n\t\t\t\t\t<ul\n\t\t\t\t\tclass=\"sow-slider-images\"\n\t\t\t\t\tdata-settings=\"{&quot;pagination&quot;:true,&quot;speed&quot;:800,&quot;timeout&quot;:8000,&quot;paused&quot;:false,&quot;pause_on_hover&quot;:false,&quot;swipe&quot;:true,&quot;nav_always_show_desktop&quot;:&quot;&quot;,&quot;nav_always_show_mobile&quot;:&quot;&quot;,&quot;breakpoint&quot;:&quot;780px&quot;,&quot;unmute&quot;:false,&quot;anchor&quot;:null}\"\n\t\t\t\t\tstyle=\"min-height: 400px\"\t\t\t\t\tdata-anchor-id=\"\"\n\t\t\t\t>\t\t<li class=\"sow-slider-image  sow-slider-image-cover\" style=\"visibility: visible;;background-color: #333333\" >\n\t\t\t\t\t<div class=\"sow-slider-image-container\">\n\t\t\t<div class=\"sow-slider-image-wrapper\">\n\t\t\t\t<p><strong>Foire aux questions PureWick\u2122<\/strong><\/p>\n<p style=\"text-align: left\">\n<\/p>\t\t\t<\/div>\n\t\t<\/div>\n\t\t<div class=\"sow-slider-image-overlay sow-slider-image-cover\" style=\"opacity: 0.3;background-image: url(https:\/\/www.new.serkal.fr\/new\/wp-content\/uploads\/2023\/11\/GettyImages-1307433366-1-scaled.jpg)\"  ><\/div>\t\t<\/li>\n\t\t<\/ul>\t\t\t\t<ol class=\"sow-slider-pagination\">\n\t\t\t\t\t\t\t\t\t\t\t<li><a href=\"#\" data-goto=\"0\" aria-label=\"afficher la diapositive 1\"><\/a><\/li>\n\t\t\t\t\t\t\t\t\t<\/ol>\n\n\t\t\t\t<div class=\"sow-slide-nav sow-slide-nav-next\">\n\t\t\t\t\t<a href=\"#\" data-goto=\"next\" aria-label=\"diapositive suivante\" data-action=\"next\">\n\t\t\t\t\t\t<em class=\"sow-sld-icon-thin-right\"><\/em>\n\t\t\t\t\t<\/a>\n\t\t\t\t<\/div>\n\n\t\t\t\t<div class=\"sow-slide-nav sow-slide-nav-prev\">\n\t\t\t\t\t<a href=\"#\" data-goto=\"previous\" aria-label=\"diapositive pr\u00e9c\u00e9dente\" data-action=\"prev\">\n\t\t\t\t\t\t<em class=\"sow-sld-icon-thin-left\"><\/em>\n\t\t\t\t\t<\/a>\n\t\t\t\t<\/div>\n\t\t\t\t<\/div><\/div><\/div><\/div><\/div><\/div><div id=\"pg-478-1\"  class=\"panel-grid panel-has-style\" ><div class=\"siteorigin-panels-stretch panel-row-style-full-width panel-row-style panel-row-style-for-478-1\" style=\"background-color: #f7f7f7; \" data-stretch-type=\"full\" ><div id=\"pgc-478-1-0\"  class=\"panel-grid-cell\" ><div id=\"panel-478-1-0-0\" class=\"so-panel widget widget_lsow-accordion panel-first-child panel-last-child\" data-index=\"1\" ><div\n\t\t\t\n\t\t\tclass=\"so-widget-lsow-accordion so-widget-lsow-accordion-default-d75171398898-478\"\n\t\t\t\n\t\t>\n<div class=\"lsow-accordion style1\" data-toggle=\"true\" data-expanded=\"false\"><div class=\"lsow-panel\" id=\"\"><div class=\"lsow-panel-title\">Comment est \u00e9vacu\u00e9e l&#039;urine ?<\/div><div class=\"lsow-panel-content\"><div id=\"ewd-ufaq-post-479-Ne9Wev9tNL\" class=\"ewd-ufaq-faq-div ewd-ufaq-faq-column-count-one ewd-ufaq-faq-responsive-columns- ewd-ufaq-faq-display-style-default ewd-ufaq-can-be-toggled ewd-ufaq-post-active\" data-post_id=\"479\">\n<div class=\"ewd-ufaq-faq-body\">\n<div class=\"ewd-ufaq-post-margin ewd-ufaq-faq-post\">\n<p><span style=\"font-size: 14pt;\">L\u2019urine est captur\u00e9e par la sonde externe puis aspir\u00e9e au travers de la tubulure du r\u00e9cipient collecteur positionn\u00e9 sur le syst\u00e8me d\u2019aspiration PureWick<\/span>\u2122<span style=\"font-size: 14pt;\">.\u207d\u00b3\u207e<\/span><\/p>\n<\/div>\n<\/div>\n<\/div>\n<\/div><\/div><!-- .lsow-panel --><div class=\"lsow-panel\" id=\"\"><div class=\"lsow-panel-title\">Pour quelles femmes est destin\u00e9 le dispositif Purewick\u2122 ? <\/div><div class=\"lsow-panel-content\"><ul>\n<li><span style=\"font-size: 14pt;\">Les femmes souffrant d\u2019incontinence urinaire et\/ou de nycturie.<\/span><\/li>\n<li><span style=\"font-size: 14pt;\">Les femmes pr\u00e9sentant des l\u00e9sions cutan\u00e9es ou des irritations li\u00e9es \u00e0 l\u2019incontinence urinaire ou aux protections d\u2019incontinence.<\/span><\/li>\n<\/ul>\n<\/div><\/div><!-- .lsow-panel --><div class=\"lsow-panel\" id=\"\"><div class=\"lsow-panel-title\">Pour quelles femmes le dispositif PureWick\u2122 n\u2019est pas conseill\u00e9 ?<\/div><div class=\"lsow-panel-content\"><div id=\"ewd-ufaq-post-479-Ne9Wev9tNL\" class=\"ewd-ufaq-faq-div ewd-ufaq-faq-column-count-one ewd-ufaq-faq-responsive-columns- ewd-ufaq-faq-display-style-default ewd-ufaq-can-be-toggled ewd-ufaq-post-active\" data-post_id=\"479\">\n<div class=\"ewd-ufaq-faq-body\">\n<div class=\"ewd-ufaq-post-margin ewd-ufaq-faq-post\">\n<ul>\n<li><span style=\"font-size: 14pt;\">Les femmes agite\u0301es ou peu coope\u0301ratives susceptibles de retirer la sonde externe.<\/span><\/li>\n<li><span style=\"font-size: 14pt;\">Les femmes qui ont des e\u0301pisodes fre\u0301quents d\u2019incontinence fe\u0301cale.<\/span><\/li>\n<\/ul>\n<\/div>\n<\/div>\n<\/div>\n<\/div><\/div><!-- .lsow-panel --><div class=\"lsow-panel\" id=\"\"><div class=\"lsow-panel-title\">L\u2019aspiration est-elle ressentie ?<\/div><div class=\"lsow-panel-content\"><ul>\n<li>\n<div id=\"ewd-ufaq-post-3471-1K015Y2hTN\" class=\"ewd-ufaq-faq-div ewd-ufaq-faq-column-count-one ewd-ufaq-faq-responsive-columns- ewd-ufaq-faq-display-style-default ewd-ufaq-can-be-toggled ewd-ufaq-post-active\" data-post_id=\"3471\">\n<div class=\"ewd-ufaq-faq-body\">\n<div class=\"ewd-ufaq-post-margin ewd-ufaq-faq-post\">\n<p><span style=\"font-size: 14pt;\">Non, le dispositif PureWick\u2122 a e\u0301te\u0301 conc\u0327u pour que l\u2019aspiration ne soit pas ressentie.<\/span><\/p>\n<\/div>\n<\/div>\n<\/div>\n<div id=\"ewd-ufaq-post-3472-fZ4w7SSRj2\" class=\"ewd-ufaq-faq-div ewd-ufaq-faq-column-count-one ewd-ufaq-faq-responsive-columns- ewd-ufaq-faq-display-style-default ewd-ufaq-can-be-toggled\" data-post_id=\"3472\">\n<div class=\"ewd-ufaq-faq-title ewd-ufaq-faq-toggle\"><\/div>\n<\/div>\n<\/li>\n<\/ul>\n<\/div><\/div><!-- .lsow-panel --><div class=\"lsow-panel\" id=\"\"><div class=\"lsow-panel-title\">Le syst\u00e8me d\u2019aspiration est-il bruyant ?<\/div><div class=\"lsow-panel-content\"><div id=\"ewd-ufaq-post-3472-fZ4w7SSRj2\" class=\"ewd-ufaq-faq-div ewd-ufaq-faq-column-count-one ewd-ufaq-faq-responsive-columns- ewd-ufaq-faq-display-style-default ewd-ufaq-can-be-toggled ewd-ufaq-post-active\" data-post_id=\"3472\">\n<div class=\"ewd-ufaq-faq-body\">\n<div class=\"ewd-ufaq-post-margin ewd-ufaq-faq-post\">\n<p><span style=\"font-size: 14pt;\">Non, le dispositif a e\u0301te\u0301 conc\u0327u pour fonctionner sans bruit lorsque les tubulures sont correctement connecte\u0301es.<\/span><\/p>\n<\/div>\n<\/div>\n<\/div>\n<div id=\"ewd-ufaq-post-3473-pa7229mfRk\" class=\"ewd-ufaq-faq-div ewd-ufaq-faq-column-count-one ewd-ufaq-faq-responsive-columns- ewd-ufaq-faq-display-style-default ewd-ufaq-can-be-toggled\" data-post_id=\"3473\">\n<div class=\"ewd-ufaq-faq-title ewd-ufaq-faq-toggle\"><\/div>\n<\/div>\n<\/div><\/div><!-- .lsow-panel --><div class=\"lsow-panel\" id=\"\"><div class=\"lsow-panel-title\">\u00c0 quelle fr\u00e9quence remplacer le r\u00e9cipient collecteur et les tubulures ?<\/div><div class=\"lsow-panel-content\"><p><span style=\"font-size: 14pt;\">Le r\u00e9cipient collecteur et les tubulures doivent e\u0302tre remplace\u0301s au moins tous les 60 jours.<\/span><\/p>\n<\/div><\/div><!-- .lsow-panel --><div class=\"lsow-panel\" id=\"\"><div class=\"lsow-panel-title\">Que faire s\u2019il y a des fuites ?<\/div><div class=\"lsow-panel-content\"><ul>\n<li><span style=\"font-size: 14pt;\">Un positionnement pre\u0301cis est essentiel pour pre\u0301venir les fuites.<\/span><\/li>\n<li><span style=\"font-size: 14pt;\">Apre\u0300s avoir confirme\u0301 le bon positionnement, ve\u0301rifiez l\u2019aspiration du syste\u0300me pour vous assurer qu\u2019il fonctionne correctement.<\/span><\/li>\n<\/ul>\n<\/div><\/div><!-- .lsow-panel --><div class=\"lsow-panel\" id=\"\"><div class=\"lsow-panel-title\">Comment tester l\u2019aspiration du dispositif PureWick\u2122 ?<\/div><div class=\"lsow-panel-content\"><ul>\n<li><span style=\"font-size: 14pt;\">De\u0301connectez la sonde externe PureWick\u2122 de la tubulure et placez l\u2019extre\u0301mite\u0301 ouverte de la tubulure dans un re\u0301cipient d\u2019eau.<\/span><\/li>\n<li><span style=\"font-size: 14pt;\">Si le syste\u0300me d'aspiration PureWick\u2122 aspire 500 ml ou plus en 20 secondes, alors le syste\u0300me fonctionne correctement.<\/span><\/li>\n<li><span style=\"font-size: 14pt;\">Si le syste\u0300me n\u2019aspire pas correctement, veuillez consulter le Guide de l\u2019utilisateur du syste\u0300me de collecte d\u2019urine PureWick\u2122 pour les e\u0301tapes de de\u0301pannage.<\/span><\/li>\n<\/ul>\n<\/div><\/div><!-- .lsow-panel --><div class=\"lsow-panel\" id=\"\"><div class=\"lsow-panel-title\">Quelle est la recommandation pour le nettoyage des accessoires et du syst\u00e8me d\u2019aspiration PureWick\u2122 ?<\/div><div class=\"lsow-panel-content\"><ul>\n<li><span style=\"font-size: 14pt;\">Les accessoires et le syste\u0300me d\u2019aspiration PureWick\u2122 doivent e\u0302tre nettoye\u0301s et de\u0301sinfecte\u0301s quotidiennement.<\/span><\/li>\n<li><span style=\"font-size: 14pt;\">Les instructions de nettoyage et de de\u0301sinfection sont de\u0301crites dans le Guide de l\u2019utilisateur du dispositif PureWick\u2122.<\/span><\/li>\n<\/ul>\n<\/div><\/div><!-- .lsow-panel --><div class=\"lsow-panel\" id=\"\"><div class=\"lsow-panel-title\">Combien de sondes externes sont utilis\u00e9es par nuit ?<\/div><div class=\"lsow-panel-content\"><p><span style=\"font-size: 14pt;\">L\u2019utilisation du dispositif peut varier d\u2019une personne a\u0300 une autre. Il est recommande\u0301 d\u2019utiliser une nouvelle sonde externe toutes les 8 a\u0300 12 heures.<\/span><\/p>\n<\/div><\/div><!-- .lsow-panel --><div class=\"lsow-panel\" id=\"\"><div class=\"lsow-panel-title\">Le port de sous-v\u00eatements est-il possible avec le dispositif PureWick\u2122 ?<\/div><div class=\"lsow-panel-content\"><p><span style=\"font-size: 14pt;\">Oui. Les sous-ve\u0302tements ou slip- filets peuvent aider a\u0300 maintenir la sonde externe en place surtout chez les femmes minces. Lors de leur mise en place, le placement de la sonde externe devra e\u0302tre contro\u0302le\u0301 pour e\u0301viter tout risque de fuites.<\/span><\/p>\n<\/div><\/div><!-- .lsow-panel --><div class=\"lsow-panel\" id=\"\"><div class=\"lsow-panel-title\">La sonde externe PureWick\u2122 est-elle r\u00e9utilisable ?<\/div><div class=\"lsow-panel-content\"><p><span style=\"font-size: 14pt;\">Non, il s'agit d'un dispositif \u00e0 usage unique qui doit \u00eatre remplac\u00e9 au moins toutes les 8 \u00e0 12 heures, ou lorsque la sonde est souill\u00e9e par des mati\u00e8res f\u00e9cales ou du sang.<\/span><\/p>\n<\/div><\/div><!-- .lsow-panel --><\/div><!-- .lsow-accordion --><\/div><\/div><\/div><\/div><\/div><\/div>","protected":false},"excerpt":{"rendered":"<p>Foire aux questions PureWick\u2122 Comment est \u00e9vacu\u00e9e l&#039;urine ? L\u2019urine est captur\u00e9e par la sonde externe puis aspir\u00e9e au travers de la tubulure du r\u00e9cipient collecteur positionn\u00e9 sur le syst\u00e8me d\u2019aspiration PureWick\u2122.\u207d\u00b3\u207e Pour quelles femmes est destin\u00e9 le dispositif Purewick\u2122 ? Les femmes souffrant d\u2019incontinence urinaire et\/ou de nycturie. Les femmes pr\u00e9sentant des l\u00e9sions cutan\u00e9es [&hellip;]<\/p>\n","protected":false},"author":1,"featured_media":0,"parent":0,"menu_order":0,"comment_status":"closed","ping_status":"closed","template":"","meta":{"_editorskit_title_hidden":false,"_editorskit_reading_time":0,"_editorskit_is_block_options_detached":false,"_editorskit_block_options_position":"{}","footnotes":""},"class_list":["post-478","page","type-page","status-publish","hentry","post"],"_links":{"self":[{"href":"https:\/\/www.new.serkal.fr\/new\/wp-json\/wp\/v2\/pages\/478","targetHints":{"allow":["GET"]}}],"collection":[{"href":"https:\/\/www.new.serkal.fr\/new\/wp-json\/wp\/v2\/pages"}],"about":[{"href":"https:\/\/www.new.serkal.fr\/new\/wp-json\/wp\/v2\/types\/page"}],"author":[{"embeddable":true,"href":"https:\/\/www.new.serkal.fr\/new\/wp-json\/wp\/v2\/users\/1"}],"replies":[{"embeddable":true,"href":"https:\/\/www.new.serkal.fr\/new\/wp-json\/wp\/v2\/comments?post=478"}],"version-history":[{"count":22,"href":"https:\/\/www.new.serkal.fr\/new\/wp-json\/wp\/v2\/pages\/478\/revisions"}],"predecessor-version":[{"id":696,"href":"https:\/\/www.new.serkal.fr\/new\/wp-json\/wp\/v2\/pages\/478\/revisions\/696"}],"wp:attachment":[{"href":"https:\/\/www.new.serkal.fr\/new\/wp-json\/wp\/v2\/media?parent=478"}],"curies":[{"name":"wp","href":"https:\/\/api.w.org\/{rel}","templated":true}]}}